4/8 - 3*i**3/2 - 5*i**2. Let r be k(7). What is the highest common divisor of r and 40?
5
Suppose -2*j = 2*j - 12. Suppose -c - j*c = -660. Let q = c + -101. Calculate the highest common divisor of 8 and q.
8
Let q = 24 - 12. What is the greatest common divisor of 48 and q?
12
Let i(b) = -b**2 - 10*b - 6. Let v be i(-8). Suppose 0*c = 2*c - v. Suppose c*t = 2*t + 18. What is the greatest common factor of t and 60?
6
Let b = 34 + -19. Let h(p) = -2*p**3 - 2*p**2 + 2*p - 2. Let m be h(2). Let k = m + 37. Calculate the highest common factor of k and b.
15
Suppose 4*y = 5*n - 4, 2*y + 6 = 5*n - 6. Let z be (-32)/80*20/2. Let b be -5 + 5 + z/(-1). What is the highest common divisor of b and y?
4
Let r(d) = -2*d**2 - d - 1. Let l be r(0). Let k be 8/((-3 + l)/(-52)). What is the highest common factor of k and 13?
13
Suppose 0*a = -3*a + 12. Suppose 0*f = -a*f + 12. Let u = -1 - -3. What is the highest common factor of u and f?
1
Let b = -6 + 6. Suppose m + 2*m - 75 = b. Calculate the greatest common factor of 5 and m.
5
Let y = -22 - -37. What is the highest common factor of y and 5?
5
Let m be 0 - (-6)/(-3) - -6. Let y(d) = d**2 + 4. Let p be y(0). Calculate the highest common factor of m and p.
4
Let z = 28 - -35. Calculate the greatest common divisor of 42 and z.
21
Let n = 214 + -118. What is the greatest common factor of n and 12?
12
Let x be ((33/4)/11)/(6/16). What is the greatest common factor of x and 10?
2
Let n(s) = -31*s - 1. Let k(w) = -62*w - 3. Let a(f) = 4*k(f) - 9*n(f). Let z be a(4). Calculate the highest common divisor of z and 11.
11
Let d = -73 - -106. What is the highest common factor of 132 and d?
33
Let m(j) = -j**3 - 8*j**2 - 7*j + 7. Let v be m(-7). Suppose 60 = 3*c + 3*b, -2*c = -5*b - 31 - 16. What is the greatest common divisor of v and c?
7
Suppose -2*t - 4 = -22. Let c = t - 6. Calculate the greatest common divisor of c and 27.
3
Suppose 4*u - 107 = 33. What is the greatest common factor of u and 70?
35
Let z = -10 - -16. Calculate the greatest common divisor of 1 and z.
1
Let w(a) = 24*a. Let k be w(1). Let o be (3 - 2) + 0 + 2. Suppose o*u - 3 = k. What is the highest common divisor of 99 and u?
9
Suppose 18*q - 504 = 6*q. Calculate the highest common divisor of q and 378.
42
Let k be (12/10)/(5 + (-969)/195). Calculate the highest common factor of k and 3.
3
Suppose -5*g + 3 = -12. Suppose -g*u + 27 = -453. Suppose -16 = 4*o - u. What is the greatest common divisor of 54 and o?
18
Suppose -4*c + 16 - 272 = 0. Let t be 120*(-4)/(c/12). Calculate the greatest common factor of 36 and t.
18
Suppose 4*b - 10 - 50 = 0. Suppose -q = 6*c - c - b, -5*q = -4*c - 17. What is the greatest common factor of q and 5?
5
Let d = 13 + 15. Let s = -17 + d. What is the highest common divisor of s and 55?
11
Let a = -8 - -13. Suppose f - 5 = 0, 2*p - f = -a*f + 64. What is the highest common divisor of p and 66?
22
Let p be (-1 - 2) + 18/(-6) + 141. What is the highest common divisor of p and 15?
15
Let z(t) = 2*t**2 + 1. Let s be z(3). Let q be (-2)/(-7) + (-6)/21. Suppose -n = -q*n - 133. Calculate the highest common factor of s and n.
19
Let v = 18 + -14. Suppose 2*u + 3*u - 5*g = 15, 0 = 5*u - v*g - 17. Calculate the highest common factor of u and 20.
5
Let n(v) = -6*v. Let f be n(-4). Calculate the greatest common divisor of 12 and f.
12
Let x be 2/3 + 140/6. Let d(p) = -2*p**2 + p + 1. Let b be d(-2). Let z = -6 - b. What is the greatest common divisor of x and z?
3
Suppose -3*j + 4*r = -2*j - 36, -2*r - 8 = 0. Let h be 4/(-10) + 1448/j. Let s be (-1 + -3)/(2/(-4)). Calculate the greatest common factor of h and s.
8
Let u be (10/25)/(1/10). Suppose 2 = 3*w - u. Let m = w - -2. What is the greatest common divisor of 10 and m?
2
Let n = -21 + 37. Suppose 5*h - 3 = 2*l - 22, -11 = h - 4*l. Let y(k) = -20*k + 4. Let z be y(h). Calculate the highest common factor of z and n.
16
Let k be 1 + (-2)/(-4)*4. Suppose 3*a + 2*o + 4 = 5*a, k*a - 4*o = 4. Suppose -4 = a*f - 24. What is the highest common factor of f and 5?
5
Suppose 652 - 124 = 5*w - 3*v, 88 = w - 5*v. Calculate the highest common factor of 12 and w.
12
Suppose -10*j + 5*j + 40 = 0. Calculate the highest common factor of 2 and j.
2
Let b be (-1)/(-1*1/3). Let y = b + 5. Calculate the greatest common divisor of 88 and y.
8
Suppose -4*l = m + 32, 0 = 4*m - 5*l - 8 + 31. Let d = -7 - m. Suppose -d*w + 166 = -289. Calculate the greatest common factor of 13 and w.
13
Let s = 1 + -1. Suppose -4*q + 8 = -h, -2*q - 4*h - 9 - 5 = s. What is the greatest common divisor of q and 2?
1
Let i be 2/18*-2 + (-1600)/(-72). Calculate the greatest common factor of i and 55.
11
Let s(f) = f**3 + 9*f**2 - 9*f + 13. Let n be s(-10). Let h be n/(-12) - 98/(-8). What is the greatest common divisor of 8 and h?
4
Suppose 5 = -3*z + 20. Suppose -204 = -4*l + 4*k, -258 = -z*l - 0*k + 2*k. Let y(m) = m + 2. Let g be y(11). What is the highest common factor of g and l?
13
Suppose w + 57 + 16 = 4*k, -3*k = 4*w - 31. What is the highest common factor of k and 136?
17
Let i(r) = -r**2 - r + 2. Let z be i(-2). Suppose z = -2*x - 5 + 9. Suppose g - 2 = -g. Calculate the highest common factor of g and x.
1
Let n = -108 + 174. Suppose 0 = 5*p - 2*k - 870, -4*p + 316 = k - 393. Let q be (p/20)/((-2)/(-10)). What is the greatest common divisor of q and n?
22
Suppose -5*f + 4*m = 155 + 140, 4*f + m + 257 = 0. Let z be (-28)/(-3)*(-162)/f. What is the greatest common factor of z and 72?
24
Let c = -5 + 31. What is the highest common factor of c and 65?
13
Let z(f) = 8*f**3 - 10*f**2 + 3*f - 2. Let r be z(3). What is the highest common factor of 19 and r?
19
Suppose 5*d - 118 = -t, -2*d - t + 46 + 0 = 0. Calculate the greatest common factor of d and 16.
8
Suppose 5*q + 180 = -4*h, 0 = -h - h. Let l be 22/77 + (-142)/7 + -1. Let i = l - q. Calculate the highest common divisor of 15 and i.
15
Let q be 4 + (4 - 6) + 0. What is the greatest common divisor of 2 and q?
2
Let m = -76 + 113. Calculate the highest common factor of m and 37.
37
Let r be 0/(-4 + 3) + -2 + 18. Let l(d) = 52*d + 5. Let z be l(4). Suppose 0 = 4*f - z - 299. What is the greatest common factor of r and f?
16
Let f = -135 + 201. Suppose -a - 7*v + 26 = -3*v, f = a - 4*v. Suppose 44 = 2*m - a. Calculate the highest common factor of 5 and m.
5
Let a(t) = 9*t**2 + t + 3. Let h be a(-3). What is the greatest common factor of 27 and h?
27
Let m(x) = -x**2 - 18*x + 31. Let d be m(-17). What is the greatest common divisor of 432 and d?
48
Let m be (-4)/16*-39*32/6. Calculate the highest common factor of 13 and m.
13
Suppose 2*n = -3*j + 4, -2*n - 4 = -5*j - 6*n. What is the greatest common factor of j and 10?
2
Let w be (0 + 18)*((-16)/6)/(-1). What is the highest common divisor of 8 and w?
8
Let k(b) = 2*b - 1. Let l(i) = 4*i - 2. Let c(s) = 5*k(s) - 2*l(s). Let n be c(5). What is the greatest common divisor of 18 and n?
9
Let k = -6 - -9. Let w(j) = 20*j - 4. Let x be w(k). Suppose v = -3*a + x, -4*v + 69 = 4*a - 11. Calculate the greatest common divisor of 45 and a.
9
Let l be 30*(8/6)/1. Let r be (-3)/(((-7)/2)/7). Suppose -m + 4 = -r. What is the highest common divisor of l and m?
10
Let g be (-1 - -1)*6/12. Let n be -2*(g + 1) - -12. What is the greatest common divisor of n and 90?
10
Suppose 156 = -u + 4*u. Suppose 6*o - u = 56. What is the greatest common divisor of 45 and o?
9
Let z be (-306)/(-2) - (2 + -1). Let g = -27 - -46. Calculate the greatest common factor of z and g.
19
Suppose 0*b = 4*b - 52. Let g = 23 - b. Calculate the highest common divisor of g and 100.
10
Suppose 4*f = 14 + 6. Suppose -360 = -22*a + 13*a. What is the highest common factor of f and a?
5
Let n = 5 - 1. Suppose 5*h - n = 4*h. What is the highest common divisor of 4 and h?
4
Suppose 8*d - 4*d - 732 = 0. Let r be (-6)/9 + 17/3. Suppose d = r*o + a, 3*a + 2*a = o - 21. What is the greatest common divisor of 90 and o?
18
Let h(j) = -2*j + 18. Let t be h(-3). What is the greatest common divisor of t and 16?
8
Let m be (0 - -1) + (-4)/(-4). Suppose s + m*a - 19 = 0, -4*s = 3*a - 26 - 40. Calculate the highest common factor of 15 and s.
15
Let p(v) = v**3 + 2*v**2 - 2*v + 3. Let c be p(-3). Suppose c = -j + 5*o + 1, -2*j = 2*o - 7 - 7. Calculate the greatest common divisor